{"id":52418,"date":"2025-10-30T23:57:18","date_gmt":"2025-10-30T22:57:18","guid":{"rendered":"https:\/\/www.rejs.eu\/wp-content\/uploads\/2025\/10\/Galka-meblowa-LIRA-055-czarny.png"},"modified":"2025-10-30T23:57:32","modified_gmt":"2025-10-30T22:57:32","slug":"galka-meblowa-lira-055-czarny-2","status":"inherit","type":"attachment","link":"https:\/\/www.rejs.eu\/ru\/galka-meblowa-lira-055-czarny-2\/","title":{"rendered":"Ga\u0142ka meblowa LIRA 055 (czarny)"},"author":11,"featured_media":0,"comment_status":"open","ping_status":"closed","template":"","meta":{"_acf_changed":false},"class_list":["post-52418","attachment","type-attachment","status-inherit","hentry"],"acf":[],"yoast_head":"<!-- This site is optimized with the Yoast SEO plugin v25.5 - https:\/\/yoast.com\/wordpress\/plugins\/seo\/ -->\n<title>Ga\u0142ka meblowa LIRA 055 (czarny) - Rejs<\/title>\n<meta name=\"robots\" content=\"index, follow, max-snippet:-1, max-image-preview:large, max-video-preview:-1\" \/>\n<meta property=\"og:locale\" content=\"ru_RU\" \/>\n<meta property=\"og:type\" content=\"article\" \/>\n<meta property=\"og:title\" content=\"Ga\u0142ka meblowa LIRA 055 (czarny) - Rejs\" \/>\n<meta property=\"og:description\" content=\"055\" \/>\n<meta property=\"og:url\" content=\"https:\/\/www.rejs.eu\/wp-content\/uploads\/2025\/10\/Galka-meblowa-LIRA-055-czarny.png\" \/>\n<meta property=\"og:site_name\" content=\"Rejs\" \/>\n<meta property=\"article:modified_time\" content=\"2025-10-30T22:57:32+00:00\" \/>\n<meta property=\"og:image\" content=\"https:\/\/www.rejs.eu\/wp-content\/uploads\/2025\/10\/Galka-meblowa-LIRA-055-czarny.png\" \/>\n\t<meta property=\"og:image:width\" content=\"890\" \/>\n\t<meta property=\"og:image:height\" content=\"890\" \/>\n\t<meta property=\"og:image:type\" content=\"image\/png\" \/>\n<meta name=\"twitter:card\" content=\"summary_large_image\" \/>\n<script type=\"application\/ld+json\" class=\"yoast-schema-graph\">{\"@context\":\"https:\/\/schema.org\",\"@graph\":[{\"@type\":\"WebPage\",\"@id\":\"https:\/\/www.rejs.eu\/wp-content\/uploads\/2025\/10\/Galka-meblowa-LIRA-055-czarny.png\",\"url\":\"https:\/\/www.rejs.eu\/wp-content\/uploads\/2025\/10\/Galka-meblowa-LIRA-055-czarny.png\",\"name\":\"Ga\u0142ka meblowa LIRA 055 (czarny) - Rejs\",\"isPartOf\":{\"@id\":\"https:\/\/www.rejs.eu\/#website\"},\"datePublished\":\"2025-10-30T22:57:18+00:00\",\"dateModified\":\"2025-10-30T22:57:32+00:00\",\"breadcrumb\":{\"@id\":\"https:\/\/www.rejs.eu\/wp-content\/uploads\/2025\/10\/Galka-meblowa-LIRA-055-czarny.png#breadcrumb\"},\"inLanguage\":\"ru-RU\",\"potentialAction\":[{\"@type\":\"ReadAction\",\"target\":[\"https:\/\/www.rejs.eu\/wp-content\/uploads\/2025\/10\/Galka-meblowa-LIRA-055-czarny.png\"]}]},{\"@type\":\"BreadcrumbList\",\"@id\":\"https:\/\/www.rejs.eu\/wp-content\/uploads\/2025\/10\/Galka-meblowa-LIRA-055-czarny.png#breadcrumb\",\"itemListElement\":[{\"@type\":\"ListItem\",\"position\":1,\"name\":\"Home\",\"item\":\"https:\/\/www.rejs.eu\/ru\/\"},{\"@type\":\"ListItem\",\"position\":2,\"name\":\"Ga\u0142ka meblowa LIRA 055 (czarny)\"}]},{\"@type\":\"WebSite\",\"@id\":\"https:\/\/www.rejs.eu\/#website\",\"url\":\"https:\/\/www.rejs.eu\/\",\"name\":\"Rejs\",\"description\":\"Rejs jest jedn\u0105 z wiod\u0105cych firm sektora akcesori\u00f3w meblowych w Europie, wyspecjalizowan\u0105 w produkcji element\u00f3w wyposa\u017cenia z drutu, stali i aluminium do nowoczesnej kuchni i garderoby.\",\"potentialAction\":[{\"@type\":\"SearchAction\",\"target\":{\"@type\":\"EntryPoint\",\"urlTemplate\":\"https:\/\/www.rejs.eu\/?s={search_term_string}\"},\"query-input\":{\"@type\":\"PropertyValueSpecification\",\"valueRequired\":true,\"valueName\":\"search_term_string\"}}],\"inLanguage\":\"ru-RU\"}]}<\/script>\n<!-- \/ Yoast SEO plugin. -->","yoast_head_json":{"title":"Ga\u0142ka meblowa LIRA 055 (czarny) - Rejs","robots":{"index":"index","follow":"follow","max-snippet":"max-snippet:-1","max-image-preview":"max-image-preview:large","max-video-preview":"max-video-preview:-1"},"og_locale":"ru_RU","og_type":"article","og_title":"Ga\u0142ka meblowa LIRA 055 (czarny) - Rejs","og_description":"055","og_url":"https:\/\/www.rejs.eu\/wp-content\/uploads\/2025\/10\/Galka-meblowa-LIRA-055-czarny.png","og_site_name":"Rejs","article_modified_time":"2025-10-30T22:57:32+00:00","og_image":[{"width":890,"height":890,"url":"https:\/\/www.rejs.eu\/wp-content\/uploads\/2025\/10\/Galka-meblowa-LIRA-055-czarny.png","type":"image\/png"}],"twitter_card":"summary_large_image","schema":{"@context":"https:\/\/schema.org","@graph":[{"@type":"WebPage","@id":"https:\/\/www.rejs.eu\/wp-content\/uploads\/2025\/10\/Galka-meblowa-LIRA-055-czarny.png","url":"https:\/\/www.rejs.eu\/wp-content\/uploads\/2025\/10\/Galka-meblowa-LIRA-055-czarny.png","name":"Ga\u0142ka meblowa LIRA 055 (czarny) - Rejs","isPartOf":{"@id":"https:\/\/www.rejs.eu\/#website"},"datePublished":"2025-10-30T22:57:18+00:00","dateModified":"2025-10-30T22:57:32+00:00","breadcrumb":{"@id":"https:\/\/www.rejs.eu\/wp-content\/uploads\/2025\/10\/Galka-meblowa-LIRA-055-czarny.png#breadcrumb"},"inLanguage":"ru-RU","potentialAction":[{"@type":"ReadAction","target":["https:\/\/www.rejs.eu\/wp-content\/uploads\/2025\/10\/Galka-meblowa-LIRA-055-czarny.png"]}]},{"@type":"BreadcrumbList","@id":"https:\/\/www.rejs.eu\/wp-content\/uploads\/2025\/10\/Galka-meblowa-LIRA-055-czarny.png#breadcrumb","itemListElement":[{"@type":"ListItem","position":1,"name":"Home","item":"https:\/\/www.rejs.eu\/ru\/"},{"@type":"ListItem","position":2,"name":"Ga\u0142ka meblowa LIRA 055 (czarny)"}]},{"@type":"WebSite","@id":"https:\/\/www.rejs.eu\/#website","url":"https:\/\/www.rejs.eu\/","name":"Rejs","description":"Rejs jest jedn\u0105 z wiod\u0105cych firm sektora akcesori\u00f3w meblowych w Europie, wyspecjalizowan\u0105 w produkcji element\u00f3w wyposa\u017cenia z drutu, stali i aluminium do nowoczesnej kuchni i garderoby.","potentialAction":[{"@type":"SearchAction","target":{"@type":"EntryPoint","urlTemplate":"https:\/\/www.rejs.eu\/?s={search_term_string}"},"query-input":{"@type":"PropertyValueSpecification","valueRequired":true,"valueName":"search_term_string"}}],"inLanguage":"ru-RU"}]}},"smush":"\u041d\u0435 \u043e\u0431\u0440\u0430\u0431\u043e\u0442\u0430\u043d\u043e","description":{"rendered":"<p class=\"attachment\"><a href='https:\/\/www.rejs.eu\/wp-content\/uploads\/2025\/10\/Galka-meblowa-LIRA-055-czarny.png'><img loading=\"lazy\" decoding=\"async\" width=\"300\" height=\"300\" src=\"https:\/\/www.rejs.eu\/wp-content\/uploads\/2025\/10\/Galka-meblowa-LIRA-055-czarny-300x300.png\" class=\"attachment-medium size-medium\" alt=\"\" srcset=\"https:\/\/www.rejs.eu\/wp-content\/uploads\/2025\/10\/Galka-meblowa-LIRA-055-czarny-300x300.png 300w, https:\/\/www.rejs.eu\/wp-content\/uploads\/2025\/10\/Galka-meblowa-LIRA-055-czarny-150x150.png 150w, https:\/\/www.rejs.eu\/wp-content\/uploads\/2025\/10\/Galka-meblowa-LIRA-055-czarny-768x768.png 768w, https:\/\/www.rejs.eu\/wp-content\/uploads\/2025\/10\/Galka-meblowa-LIRA-055-czarny-600x600.png 600w, https:\/\/www.rejs.eu\/wp-content\/uploads\/2025\/10\/Galka-meblowa-LIRA-055-czarny-100x100.png 100w, https:\/\/www.rejs.eu\/wp-content\/uploads\/2025\/10\/Galka-meblowa-LIRA-055-czarny-299x299.png 299w, https:\/\/www.rejs.eu\/wp-content\/uploads\/2025\/10\/Galka-meblowa-LIRA-055-czarny-285x285.png 285w, https:\/\/www.rejs.eu\/wp-content\/uploads\/2025\/10\/Galka-meblowa-LIRA-055-czarny-467x467.png 467w, https:\/\/www.rejs.eu\/wp-content\/uploads\/2025\/10\/Galka-meblowa-LIRA-055-czarny.png 890w\" sizes=\"auto, (max-width: 300px) 100vw, 300px\" \/><\/a><\/p>\n"},"caption":{"rendered":"<p>055<\/p>\n"},"alt_text":"","media_type":"image","mime_type":"image\/png","media_details":{"width":890,"height":890,"file":"2025\/10\/Galka-meblowa-LIRA-055-czarny.png","filesize":28589,"sizes":{"medium":{"file":"Galka-meblowa-LIRA-055-czarny-300x300.png","width":300,"height":300,"filesize":5101,"mime_type":"image\/png","source_url":"https:\/\/www.rejs.eu\/wp-content\/uploads\/2025\/10\/Galka-meblowa-LIRA-055-czarny-300x300.png"},"thumbnail":{"file":"Galka-meblowa-LIRA-055-czarny-150x150.png","width":150,"height":150,"filesize":1999,"mime_type":"image\/png","source_url":"https:\/\/www.rejs.eu\/wp-content\/uploads\/2025\/10\/Galka-meblowa-LIRA-055-czarny-150x150.png"},"medium_large":{"file":"Galka-meblowa-LIRA-055-czarny-768x768.png","width":768,"height":768,"filesize":19730,"mime_type":"image\/png","source_url":"https:\/\/www.rejs.eu\/wp-content\/uploads\/2025\/10\/Galka-meblowa-LIRA-055-czarny-768x768.png"},"wysija-newsletters-max":{"file":"Galka-meblowa-LIRA-055-czarny-600x600.png","width":600,"height":600,"filesize":13553,"mime_type":"image\/png","source_url":"https:\/\/www.rejs.eu\/wp-content\/uploads\/2025\/10\/Galka-meblowa-LIRA-055-czarny-600x600.png"},"whatnew":{"file":"Galka-meblowa-LIRA-055-czarny-298x167.png","width":298,"height":167,"filesize":4660,"mime_type":"image\/png","source_url":"https:\/\/www.rejs.eu\/wp-content\/uploads\/2025\/10\/Galka-meblowa-LIRA-055-czarny-298x167.png"},"awards":{"file":"Galka-meblowa-LIRA-055-czarny-100x100.png","width":100,"height":100,"filesize":1188,"mime_type":"image\/png","source_url":"https:\/\/www.rejs.eu\/wp-content\/uploads\/2025\/10\/Galka-meblowa-LIRA-055-czarny-100x100.png"},"press":{"file":"Galka-meblowa-LIRA-055-czarny-68x50.png","width":68,"height":50,"filesize":711,"mime_type":"image\/png","source_url":"https:\/\/www.rejs.eu\/wp-content\/uploads\/2025\/10\/Galka-meblowa-LIRA-055-czarny-68x50.png"},"gallery":{"file":"Galka-meblowa-LIRA-055-czarny-299x299.png","width":299,"height":299,"filesize":5065,"mime_type":"image\/png","source_url":"https:\/\/www.rejs.eu\/wp-content\/uploads\/2025\/10\/Galka-meblowa-LIRA-055-czarny-299x299.png"},"gallery2":{"file":"Galka-meblowa-LIRA-055-czarny-299x167.png","width":299,"height":167,"filesize":4670,"mime_type":"image\/png","source_url":"https:\/\/www.rejs.eu\/wp-content\/uploads\/2025\/10\/Galka-meblowa-LIRA-055-czarny-299x167.png"},"kitchenfeaturedbig":{"file":"Galka-meblowa-LIRA-055-czarny-799x504.png","width":799,"height":504,"filesize":19416,"mime_type":"image\/png","source_url":"https:\/\/www.rejs.eu\/wp-content\/uploads\/2025\/10\/Galka-meblowa-LIRA-055-czarny-799x504.png"},"kitchengallery":{"file":"Galka-meblowa-LIRA-055-czarny-229x265.png","width":229,"height":265,"filesize":4280,"mime_type":"image\/png","source_url":"https:\/\/www.rejs.eu\/wp-content\/uploads\/2025\/10\/Galka-meblowa-LIRA-055-czarny-229x265.png"},"products-category":{"file":"Galka-meblowa-LIRA-055-czarny-285x285.png","width":285,"height":285,"filesize":4753,"mime_type":"image\/png","source_url":"https:\/\/www.rejs.eu\/wp-content\/uploads\/2025\/10\/Galka-meblowa-LIRA-055-czarny-285x285.png"},"product-detail":{"file":"Galka-meblowa-LIRA-055-czarny-467x467.png","width":467,"height":467,"filesize":9491,"mime_type":"image\/png","source_url":"https:\/\/www.rejs.eu\/wp-content\/uploads\/2025\/10\/Galka-meblowa-LIRA-055-czarny-467x467.png"},"film-montazowy":{"file":"Galka-meblowa-LIRA-055-czarny-640x361.png","width":640,"height":361,"filesize":13824,"mime_type":"image\/png","source_url":"https:\/\/www.rejs.eu\/wp-content\/uploads\/2025\/10\/Galka-meblowa-LIRA-055-czarny-640x361.png"},"500x282":{"file":"Galka-meblowa-LIRA-055-czarny-500x282.png","width":500,"height":282,"filesize":9759,"mime_type":"image\/png","source_url":"https:\/\/www.rejs.eu\/wp-content\/uploads\/2025\/10\/Galka-meblowa-LIRA-055-czarny-500x282.png"},"full":{"file":"Galka-meblowa-LIRA-055-czarny.png","width":890,"height":890,"mime_type":"image\/png","source_url":"https:\/\/www.rejs.eu\/wp-content\/uploads\/2025\/10\/Galka-meblowa-LIRA-055-czarny.png"}},"image_meta":{"aperture":"0","credit":"","camera":"","caption":"","created_timestamp":"0","copyright":"","focal_length":"0","iso":"0","shutter_speed":"0","title":"","orientation":"0","keywords":[]}},"post":null,"source_url":"https:\/\/www.rejs.eu\/wp-content\/uploads\/2025\/10\/Galka-meblowa-LIRA-055-czarny.png","_links":{"self":[{"href":"https:\/\/www.rejs.eu\/ru\/wp-json\/wp\/v2\/media\/52418","targetHints":{"allow":["GET"]}}],"collection":[{"href":"https:\/\/www.rejs.eu\/ru\/wp-json\/wp\/v2\/media"}],"about":[{"href":"https:\/\/www.rejs.eu\/ru\/wp-json\/wp\/v2\/types\/attachment"}],"author":[{"embeddable":true,"href":"https:\/\/www.rejs.eu\/ru\/wp-json\/wp\/v2\/users\/11"}],"replies":[{"embeddable":true,"href":"https:\/\/www.rejs.eu\/ru\/wp-json\/wp\/v2\/comments?post=52418"}]}}

Gałka meblowa LIRA 055 (czarny)

<!-- This site is optimized with the Yoast SEO plugin v25.5 - https://yoast.com/wordpress/plugins/seo/ -->
<title>Gałka meblowa LIRA 055 (czarny) - Rejs</title>
<meta name="robots" content="index, follow, max-snippet:-1, max-image-preview:large, max-video-preview:-1" />
<meta property="og:locale" content="ru_RU" />
<meta property="og:type" content="article" />
<meta property="og:title" content="Gałka meblowa LIRA 055 (czarny) - Rejs" />
<meta property="og:description" content="055" />
<meta property="og:url" content="https://www.rejs.eu/wp-content/uploads/2025/10/Galka-meblowa-LIRA-055-czarny.png" />
<meta property="og:site_name" content="Rejs" />
<meta property="article:modified_time" content="2025-10-30T22:57:32+00:00" />
<meta property="og:image" content="https://www.rejs.eu/wp-content/uploads/2025/10/Galka-meblowa-LIRA-055-czarny.png" />
	<meta property="og:image:width" content="890" />
	<meta property="og:image:height" content="890" />
	<meta property="og:image:type" content="image/png" />
<meta name="twitter:card" content="summary_large_image" />
<script type="application/ld+json" class="yoast-schema-graph">{"@context":"https://schema.org","@graph":[{"@type":"WebPage","@id":"https://www.rejs.eu/wp-content/uploads/2025/10/Galka-meblowa-LIRA-055-czarny.png","url":"https://www.rejs.eu/wp-content/uploads/2025/10/Galka-meblowa-LIRA-055-czarny.png","name":"Gałka meblowa LIRA 055 (czarny) - Rejs","isPartOf":{"@id":"https://www.rejs.eu/#website"},"datePublished":"2025-10-30T22:57:18+00:00","dateModified":"2025-10-30T22:57:32+00:00","breadcrumb":{"@id":"https://www.rejs.eu/wp-content/uploads/2025/10/Galka-meblowa-LIRA-055-czarny.png#breadcrumb"},"inLanguage":"ru-RU","potentialAction":[{"@type":"ReadAction","target":["https://www.rejs.eu/wp-content/uploads/2025/10/Galka-meblowa-LIRA-055-czarny.png"]}]},{"@type":"BreadcrumbList","@id":"https://www.rejs.eu/wp-content/uploads/2025/10/Galka-meblowa-LIRA-055-czarny.png#breadcrumb","itemListElement":[{"@type":"ListItem","position":1,"name":"Home","item":"https://www.rejs.eu/ru/"},{"@type":"ListItem","position":2,"name":"Gałka meblowa LIRA 055 (czarny)"}]},{"@type":"WebSite","@id":"https://www.rejs.eu/#website","url":"https://www.rejs.eu/","name":"Rejs","description":"Rejs jest jedną z wiodących firm sektora akcesoriów meblowych w Europie, wyspecjalizowaną w produkcji elementów wyposażenia z drutu, stali i aluminium do nowoczesnej kuchni i garderoby.","potentialAction":[{"@type":"SearchAction","target":{"@type":"EntryPoint","urlTemplate":"https://www.rejs.eu/?s={search_term_string}"},"query-input":{"@type":"PropertyValueSpecification","valueRequired":true,"valueName":"search_term_string"}}],"inLanguage":"ru-RU"}]}</script>
<!-- / Yoast SEO plugin. -->

Gałka meblowa LIRA 055 (czarny) - Rejs

Rejs jest jedną z wiodących firm sektora akcesoriów meblowych w Europie, wyspecjalizowaną w produkcji elementów wyposażenia z drutu, stali i aluminium do nowoczesnej kuchni i garderoby.

Не обработано
