{"id":9683,"date":"2019-03-06T13:46:53","date_gmt":"2019-03-06T13:46:53","guid":{"rendered":"http:\/\/www.rejs.eu\/wp-content\/uploads\/2019\/03\/plakat_g\u0142osowanie_wyb\u00f3r_kuchnia_roku_.png"},"modified":"2019-03-06T13:46:53","modified_gmt":"2019-03-06T13:46:53","slug":"plakat_glosowanie_wybor_kuchnia_roku_-2","status":"inherit","type":"attachment","link":"https:\/\/www.rejs.eu\/en\/plakat_glosowanie_wybor_kuchnia_roku_-2\/","title":{"rendered":"plakat_g\u0142osowanie_wyb\u00f3r_kuchnia_roku_"},"author":1,"featured_media":0,"comment_status":"open","ping_status":"closed","template":"","meta":{"_acf_changed":false},"class_list":["post-9683","attachment","type-attachment","status-inherit","hentry"],"acf":[],"yoast_head":"<!-- This site is optimized with the Yoast SEO plugin v25.5 - https:\/\/yoast.com\/wordpress\/plugins\/seo\/ -->\n<title>plakat_g\u0142osowanie_wyb\u00f3r_kuchnia_roku_ - Rejs<\/title>\n<meta name=\"robots\" content=\"index, follow, max-snippet:-1, max-image-preview:large, max-video-preview:-1\" \/>\n<meta property=\"og:locale\" content=\"en_US\" \/>\n<meta property=\"og:type\" content=\"article\" \/>\n<meta property=\"og:title\" content=\"plakat_g\u0142osowanie_wyb\u00f3r_kuchnia_roku_ - Rejs\" \/>\n<meta property=\"og:url\" content=\"https:\/\/www.rejs.eu\/wp-content\/uploads\/2019\/03\/plakat_g\u0142osowanie_wyb\u00f3r_kuchnia_roku_.png\" \/>\n<meta property=\"og:site_name\" content=\"Rejs\" \/>\n<meta property=\"og:image\" content=\"https:\/\/www.rejs.eu\/wp-content\/uploads\/2019\/03\/plakat_g\u0142osowanie_wyb\u00f3r_kuchnia_roku_.png\" \/>\n\t<meta property=\"og:image:width\" content=\"1008\" \/>\n\t<meta property=\"og:image:height\" content=\"1424\" \/>\n\t<meta property=\"og:image:type\" content=\"image\/png\" \/>\n<meta name=\"twitter:card\" content=\"summary_large_image\" \/>\n<script type=\"application\/ld+json\" class=\"yoast-schema-graph\">{\"@context\":\"https:\/\/schema.org\",\"@graph\":[{\"@type\":\"WebPage\",\"@id\":\"https:\/\/www.rejs.eu\/wp-content\/uploads\/2019\/03\/plakat_g\u0142osowanie_wyb\u00f3r_kuchnia_roku_.png\",\"url\":\"https:\/\/www.rejs.eu\/wp-content\/uploads\/2019\/03\/plakat_g\u0142osowanie_wyb\u00f3r_kuchnia_roku_.png\",\"name\":\"plakat_g\u0142osowanie_wyb\u00f3r_kuchnia_roku_ - Rejs\",\"isPartOf\":{\"@id\":\"https:\/\/www.rejs.eu\/#website\"},\"datePublished\":\"2019-03-06T13:46:53+00:00\",\"breadcrumb\":{\"@id\":\"https:\/\/www.rejs.eu\/wp-content\/uploads\/2019\/03\/plakat_g\u0142osowanie_wyb\u00f3r_kuchnia_roku_.png#breadcrumb\"},\"inLanguage\":\"en-US\",\"potentialAction\":[{\"@type\":\"ReadAction\",\"target\":[\"https:\/\/www.rejs.eu\/wp-content\/uploads\/2019\/03\/plakat_g\u0142osowanie_wyb\u00f3r_kuchnia_roku_.png\"]}]},{\"@type\":\"BreadcrumbList\",\"@id\":\"https:\/\/www.rejs.eu\/wp-content\/uploads\/2019\/03\/plakat_g\u0142osowanie_wyb\u00f3r_kuchnia_roku_.png#breadcrumb\",\"itemListElement\":[{\"@type\":\"ListItem\",\"position\":1,\"name\":\"Home\",\"item\":\"https:\/\/www.rejs.eu\/en\/\"},{\"@type\":\"ListItem\",\"position\":2,\"name\":\"plakat_g\u0142osowanie_wyb\u00f3r_kuchnia_roku_\"}]},{\"@type\":\"WebSite\",\"@id\":\"https:\/\/www.rejs.eu\/#website\",\"url\":\"https:\/\/www.rejs.eu\/\",\"name\":\"Rejs\",\"description\":\"Rejs jest jedn\u0105 z wiod\u0105cych firm sektora akcesori\u00f3w meblowych w Europie, wyspecjalizowan\u0105 w produkcji element\u00f3w wyposa\u017cenia z drutu, stali i aluminium do nowoczesnej kuchni i garderoby.\",\"potentialAction\":[{\"@type\":\"SearchAction\",\"target\":{\"@type\":\"EntryPoint\",\"urlTemplate\":\"https:\/\/www.rejs.eu\/?s={search_term_string}\"},\"query-input\":{\"@type\":\"PropertyValueSpecification\",\"valueRequired\":true,\"valueName\":\"search_term_string\"}}],\"inLanguage\":\"en-US\"}]}<\/script>\n<!-- \/ Yoast SEO plugin. -->","yoast_head_json":{"title":"plakat_g\u0142osowanie_wyb\u00f3r_kuchnia_roku_ - Rejs","robots":{"index":"index","follow":"follow","max-snippet":"max-snippet:-1","max-image-preview":"max-image-preview:large","max-video-preview":"max-video-preview:-1"},"og_locale":"en_US","og_type":"article","og_title":"plakat_g\u0142osowanie_wyb\u00f3r_kuchnia_roku_ - Rejs","og_url":"https:\/\/www.rejs.eu\/wp-content\/uploads\/2019\/03\/plakat_g\u0142osowanie_wyb\u00f3r_kuchnia_roku_.png","og_site_name":"Rejs","og_image":[{"width":1008,"height":1424,"url":"https:\/\/www.rejs.eu\/wp-content\/uploads\/2019\/03\/plakat_g\u0142osowanie_wyb\u00f3r_kuchnia_roku_.png","type":"image\/png"}],"twitter_card":"summary_large_image","schema":{"@context":"https:\/\/schema.org","@graph":[{"@type":"WebPage","@id":"https:\/\/www.rejs.eu\/wp-content\/uploads\/2019\/03\/plakat_g\u0142osowanie_wyb\u00f3r_kuchnia_roku_.png","url":"https:\/\/www.rejs.eu\/wp-content\/uploads\/2019\/03\/plakat_g\u0142osowanie_wyb\u00f3r_kuchnia_roku_.png","name":"plakat_g\u0142osowanie_wyb\u00f3r_kuchnia_roku_ - Rejs","isPartOf":{"@id":"https:\/\/www.rejs.eu\/#website"},"datePublished":"2019-03-06T13:46:53+00:00","breadcrumb":{"@id":"https:\/\/www.rejs.eu\/wp-content\/uploads\/2019\/03\/plakat_g\u0142osowanie_wyb\u00f3r_kuchnia_roku_.png#breadcrumb"},"inLanguage":"en-US","potentialAction":[{"@type":"ReadAction","target":["https:\/\/www.rejs.eu\/wp-content\/uploads\/2019\/03\/plakat_g\u0142osowanie_wyb\u00f3r_kuchnia_roku_.png"]}]},{"@type":"BreadcrumbList","@id":"https:\/\/www.rejs.eu\/wp-content\/uploads\/2019\/03\/plakat_g\u0142osowanie_wyb\u00f3r_kuchnia_roku_.png#breadcrumb","itemListElement":[{"@type":"ListItem","position":1,"name":"Home","item":"https:\/\/www.rejs.eu\/en\/"},{"@type":"ListItem","position":2,"name":"plakat_g\u0142osowanie_wyb\u00f3r_kuchnia_roku_"}]},{"@type":"WebSite","@id":"https:\/\/www.rejs.eu\/#website","url":"https:\/\/www.rejs.eu\/","name":"Rejs","description":"Rejs jest jedn\u0105 z wiod\u0105cych firm sektora akcesori\u00f3w meblowych w Europie, wyspecjalizowan\u0105 w produkcji element\u00f3w wyposa\u017cenia z drutu, stali i aluminium do nowoczesnej kuchni i garderoby.","potentialAction":[{"@type":"SearchAction","target":{"@type":"EntryPoint","urlTemplate":"https:\/\/www.rejs.eu\/?s={search_term_string}"},"query-input":{"@type":"PropertyValueSpecification","valueRequired":true,"valueName":"search_term_string"}}],"inLanguage":"en-US"}]}},"smush":"Not processed","description":{"rendered":"<p class=\"attachment\"><a href='https:\/\/www.rejs.eu\/wp-content\/uploads\/2019\/03\/plakat_g\u0142osowanie_wyb\u00f3r_kuchnia_roku_.png'><img loading=\"lazy\" decoding=\"async\" width=\"212\" height=\"300\" src=\"https:\/\/www.rejs.eu\/wp-content\/uploads\/2019\/03\/plakat_g\u0142osowanie_wyb\u00f3r_kuchnia_roku_-212x300.png\" class=\"attachment-medium size-medium\" alt=\"\" srcset=\"https:\/\/www.rejs.eu\/wp-content\/uploads\/2019\/03\/plakat_g\u0142osowanie_wyb\u00f3r_kuchnia_roku_-212x300.png 212w, https:\/\/www.rejs.eu\/wp-content\/uploads\/2019\/03\/plakat_g\u0142osowanie_wyb\u00f3r_kuchnia_roku_-768x1085.png 768w, https:\/\/www.rejs.eu\/wp-content\/uploads\/2019\/03\/plakat_g\u0142osowanie_wyb\u00f3r_kuchnia_roku_-725x1024.png 725w, https:\/\/www.rejs.eu\/wp-content\/uploads\/2019\/03\/plakat_g\u0142osowanie_wyb\u00f3r_kuchnia_roku_-600x848.png 600w, https:\/\/www.rejs.eu\/wp-content\/uploads\/2019\/03\/plakat_g\u0142osowanie_wyb\u00f3r_kuchnia_roku_-71x100.png 71w, https:\/\/www.rejs.eu\/wp-content\/uploads\/2019\/03\/plakat_g\u0142osowanie_wyb\u00f3r_kuchnia_roku_-299x422.png 299w, https:\/\/www.rejs.eu\/wp-content\/uploads\/2019\/03\/plakat_g\u0142osowanie_wyb\u00f3r_kuchnia_roku_-202x285.png 202w, https:\/\/www.rejs.eu\/wp-content\/uploads\/2019\/03\/plakat_g\u0142osowanie_wyb\u00f3r_kuchnia_roku_-467x660.png 467w, https:\/\/www.rejs.eu\/wp-content\/uploads\/2019\/03\/plakat_g\u0142osowanie_wyb\u00f3r_kuchnia_roku_.png 1008w\" sizes=\"auto, (max-width: 212px) 100vw, 212px\" \/><\/a><\/p>\n"},"caption":{"rendered":""},"alt_text":"","media_type":"image","mime_type":"image\/png","media_details":{"width":1008,"height":1424,"file":"2019\/03\/plakat_g\u0142osowanie_wyb\u00f3r_kuchnia_roku_.png","sizes":{"thumbnail":{"file":"plakat_g\u0142osowanie_wyb\u00f3r_kuchnia_roku_-150x150.png","width":150,"height":150,"mime_type":"image\/png","source_url":"https:\/\/www.rejs.eu\/wp-content\/uploads\/2019\/03\/plakat_g\u0142osowanie_wyb\u00f3r_kuchnia_roku_-150x150.png"},"medium":{"file":"plakat_g\u0142osowanie_wyb\u00f3r_kuchnia_roku_-212x300.png","width":212,"height":300,"mime_type":"image\/png","source_url":"https:\/\/www.rejs.eu\/wp-content\/uploads\/2019\/03\/plakat_g\u0142osowanie_wyb\u00f3r_kuchnia_roku_-212x300.png"},"medium_large":{"file":"plakat_g\u0142osowanie_wyb\u00f3r_kuchnia_roku_-768x1085.png","width":768,"height":1085,"mime_type":"image\/png","source_url":"https:\/\/www.rejs.eu\/wp-content\/uploads\/2019\/03\/plakat_g\u0142osowanie_wyb\u00f3r_kuchnia_roku_-768x1085.png"},"large":{"file":"plakat_g\u0142osowanie_wyb\u00f3r_kuchnia_roku_-725x1024.png","width":725,"height":1024,"mime_type":"image\/png","source_url":"https:\/\/www.rejs.eu\/wp-content\/uploads\/2019\/03\/plakat_g\u0142osowanie_wyb\u00f3r_kuchnia_roku_-725x1024.png"},"wysija-newsletters-max":{"file":"plakat_g\u0142osowanie_wyb\u00f3r_kuchnia_roku_-600x848.png","width":600,"height":848,"mime_type":"image\/png","source_url":"https:\/\/www.rejs.eu\/wp-content\/uploads\/2019\/03\/plakat_g\u0142osowanie_wyb\u00f3r_kuchnia_roku_-600x848.png"},"whatnew":{"file":"plakat_g\u0142osowanie_wyb\u00f3r_kuchnia_roku_-298x167.png","width":298,"height":167,"mime_type":"image\/png","source_url":"https:\/\/www.rejs.eu\/wp-content\/uploads\/2019\/03\/plakat_g\u0142osowanie_wyb\u00f3r_kuchnia_roku_-298x167.png"},"awards":{"file":"plakat_g\u0142osowanie_wyb\u00f3r_kuchnia_roku_-71x100.png","width":71,"height":100,"mime_type":"image\/png","source_url":"https:\/\/www.rejs.eu\/wp-content\/uploads\/2019\/03\/plakat_g\u0142osowanie_wyb\u00f3r_kuchnia_roku_-71x100.png"},"press":{"file":"plakat_g\u0142osowanie_wyb\u00f3r_kuchnia_roku_-68x50.png","width":68,"height":50,"mime_type":"image\/png","source_url":"https:\/\/www.rejs.eu\/wp-content\/uploads\/2019\/03\/plakat_g\u0142osowanie_wyb\u00f3r_kuchnia_roku_-68x50.png"},"gallery":{"file":"plakat_g\u0142osowanie_wyb\u00f3r_kuchnia_roku_-299x422.png","width":299,"height":422,"mime_type":"image\/png","source_url":"https:\/\/www.rejs.eu\/wp-content\/uploads\/2019\/03\/plakat_g\u0142osowanie_wyb\u00f3r_kuchnia_roku_-299x422.png"},"gallery2":{"file":"plakat_g\u0142osowanie_wyb\u00f3r_kuchnia_roku_-299x167.png","width":299,"height":167,"mime_type":"image\/png","source_url":"https:\/\/www.rejs.eu\/wp-content\/uploads\/2019\/03\/plakat_g\u0142osowanie_wyb\u00f3r_kuchnia_roku_-299x167.png"},"kitchenfeaturedbig":{"file":"plakat_g\u0142osowanie_wyb\u00f3r_kuchnia_roku_-799x504.png","width":799,"height":504,"mime_type":"image\/png","source_url":"https:\/\/www.rejs.eu\/wp-content\/uploads\/2019\/03\/plakat_g\u0142osowanie_wyb\u00f3r_kuchnia_roku_-799x504.png"},"kitchengallery":{"file":"plakat_g\u0142osowanie_wyb\u00f3r_kuchnia_roku_-229x265.png","width":229,"height":265,"mime_type":"image\/png","source_url":"https:\/\/www.rejs.eu\/wp-content\/uploads\/2019\/03\/plakat_g\u0142osowanie_wyb\u00f3r_kuchnia_roku_-229x265.png"},"products-category":{"file":"plakat_g\u0142osowanie_wyb\u00f3r_kuchnia_roku_-202x285.png","width":202,"height":285,"mime_type":"image\/png","source_url":"https:\/\/www.rejs.eu\/wp-content\/uploads\/2019\/03\/plakat_g\u0142osowanie_wyb\u00f3r_kuchnia_roku_-202x285.png"},"product-detail":{"file":"plakat_g\u0142osowanie_wyb\u00f3r_kuchnia_roku_-467x660.png","width":467,"height":660,"mime_type":"image\/png","source_url":"https:\/\/www.rejs.eu\/wp-content\/uploads\/2019\/03\/plakat_g\u0142osowanie_wyb\u00f3r_kuchnia_roku_-467x660.png"},"film-montazowy":{"file":"plakat_g\u0142osowanie_wyb\u00f3r_kuchnia_roku_-640x361.png","width":640,"height":361,"mime_type":"image\/png","source_url":"https:\/\/www.rejs.eu\/wp-content\/uploads\/2019\/03\/plakat_g\u0142osowanie_wyb\u00f3r_kuchnia_roku_-640x361.png"},"full":{"file":"plakat_g\u0142osowanie_wyb\u00f3r_kuchnia_roku_.png","width":1008,"height":1424,"mime_type":"image\/png","source_url":"https:\/\/www.rejs.eu\/wp-content\/uploads\/2019\/03\/plakat_g\u0142osowanie_wyb\u00f3r_kuchnia_roku_.png"}},"image_meta":{"aperture":"0","credit":"","camera":"","caption":"","created_timestamp":"0","copyright":"","focal_length":"0","iso":"0","shutter_speed":"0","title":"","orientation":"0","keywords":[]}},"post":null,"source_url":"https:\/\/www.rejs.eu\/wp-content\/uploads\/2019\/03\/plakat_g\u0142osowanie_wyb\u00f3r_kuchnia_roku_.png","_links":{"self":[{"href":"https:\/\/www.rejs.eu\/en\/wp-json\/wp\/v2\/media\/9683","targetHints":{"allow":["GET"]}}],"collection":[{"href":"https:\/\/www.rejs.eu\/en\/wp-json\/wp\/v2\/media"}],"about":[{"href":"https:\/\/www.rejs.eu\/en\/wp-json\/wp\/v2\/types\/attachment"}],"author":[{"embeddable":true,"href":"https:\/\/www.rejs.eu\/en\/wp-json\/wp\/v2\/users\/1"}],"replies":[{"embeddable":true,"href":"https:\/\/www.rejs.eu\/en\/wp-json\/wp\/v2\/comments?post=9683"}]}}

http://www.rejs.eu/wp-content/uploads/2019/03/plakat_głosowanie_wybór_kuchnia_roku_.png

plakat_głosowanie_wybór_kuchnia_roku_

<!-- This site is optimized with the Yoast SEO plugin v25.5 - https://yoast.com/wordpress/plugins/seo/ -->
<title>plakat_głosowanie_wybór_kuchnia_roku_ - Rejs</title>
<meta name="robots" content="index, follow, max-snippet:-1, max-image-preview:large, max-video-preview:-1" />
<meta property="og:locale" content="en_US" />
<meta property="og:type" content="article" />
<meta property="og:title" content="plakat_głosowanie_wybór_kuchnia_roku_ - Rejs" />
<meta property="og:url" content="https://www.rejs.eu/wp-content/uploads/2019/03/plakat_głosowanie_wybór_kuchnia_roku_.png" />
<meta property="og:site_name" content="Rejs" />
<meta property="og:image" content="https://www.rejs.eu/wp-content/uploads/2019/03/plakat_głosowanie_wybór_kuchnia_roku_.png" />
	<meta property="og:image:width" content="1008" />
	<meta property="og:image:height" content="1424" />
	<meta property="og:image:type" content="image/png" />
<meta name="twitter:card" content="summary_large_image" />
<script type="application/ld+json" class="yoast-schema-graph">{"@context":"https://schema.org","@graph":[{"@type":"WebPage","@id":"https://www.rejs.eu/wp-content/uploads/2019/03/plakat_głosowanie_wybór_kuchnia_roku_.png","url":"https://www.rejs.eu/wp-content/uploads/2019/03/plakat_głosowanie_wybór_kuchnia_roku_.png","name":"plakat_głosowanie_wybór_kuchnia_roku_ - Rejs","isPartOf":{"@id":"https://www.rejs.eu/#website"},"datePublished":"2019-03-06T13:46:53+00:00","breadcrumb":{"@id":"https://www.rejs.eu/wp-content/uploads/2019/03/plakat_głosowanie_wybór_kuchnia_roku_.png#breadcrumb"},"inLanguage":"en-US","potentialAction":[{"@type":"ReadAction","target":["https://www.rejs.eu/wp-content/uploads/2019/03/plakat_głosowanie_wybór_kuchnia_roku_.png"]}]},{"@type":"BreadcrumbList","@id":"https://www.rejs.eu/wp-content/uploads/2019/03/plakat_głosowanie_wybór_kuchnia_roku_.png#breadcrumb","itemListElement":[{"@type":"ListItem","position":1,"name":"Home","item":"https://www.rejs.eu/en/"},{"@type":"ListItem","position":2,"name":"plakat_głosowanie_wybór_kuchnia_roku_"}]},{"@type":"WebSite","@id":"https://www.rejs.eu/#website","url":"https://www.rejs.eu/","name":"Rejs","description":"Rejs jest jedną z wiodących firm sektora akcesoriów meblowych w Europie, wyspecjalizowaną w produkcji elementów wyposażenia z drutu, stali i aluminium do nowoczesnej kuchni i garderoby.","potentialAction":[{"@type":"SearchAction","target":{"@type":"EntryPoint","urlTemplate":"https://www.rejs.eu/?s={search_term_string}"},"query-input":{"@type":"PropertyValueSpecification","valueRequired":true,"valueName":"search_term_string"}}],"inLanguage":"en-US"}]}</script>
<!-- / Yoast SEO plugin. -->

plakat_głosowanie_wybór_kuchnia_roku_ - Rejs

https://www.rejs.eu/wp-content/uploads/2019/03/plakat_głosowanie_wybór_kuchnia_roku_.png

https://www.rejs.eu/wp-content/uploads/2019/03/plakat_głosowanie_wybór_kuchnia_roku_.png#breadcrumb

Rejs jest jedną z wiodących firm sektora akcesoriów meblowych w Europie, wyspecjalizowaną w produkcji elementów wyposażenia z drutu, stali i aluminium do nowoczesnej kuchni i garderoby.

<p class="attachment"><a href='https://www.rejs.eu/wp-content/uploads/2019/03/plakat_głosowanie_wybór_kuchnia_roku_.png'><img loading="lazy" decoding="async" width="212" height="300" src="https://www.rejs.eu/wp-content/uploads/2019/03/plakat_głosowanie_wybór_kuchnia_roku_-212x300.png" class="attachment-medium size-medium" alt="" srcset="https://www.rejs.eu/wp-content/uploads/2019/03/plakat_głosowanie_wybór_kuchnia_roku_-212x300.png 212w, https://www.rejs.eu/wp-content/uploads/2019/03/plakat_głosowanie_wybór_kuchnia_roku_-768x1085.png 768w, https://www.rejs.eu/wp-content/uploads/2019/03/plakat_głosowanie_wybór_kuchnia_roku_-725x1024.png 725w, https://www.rejs.eu/wp-content/uploads/2019/03/plakat_głosowanie_wybór_kuchnia_roku_-600x848.png 600w, https://www.rejs.eu/wp-content/uploads/2019/03/plakat_głosowanie_wybór_kuchnia_roku_-71x100.png 71w, https://www.rejs.eu/wp-content/uploads/2019/03/plakat_głosowanie_wybór_kuchnia_roku_-299x422.png 299w, https://www.rejs.eu/wp-content/uploads/2019/03/plakat_głosowanie_wybór_kuchnia_roku_-202x285.png 202w, https://www.rejs.eu/wp-content/uploads/2019/03/plakat_głosowanie_wybór_kuchnia_roku_-467x660.png 467w, https://www.rejs.eu/wp-content/uploads/2019/03/plakat_głosowanie_wybór_kuchnia_roku_.png 1008w" sizes="auto, (max-width: 212px) 100vw, 212px" /></a></p>

2019/03/plakat_głosowanie_wybór_kuchnia_roku_.png

plakat_głosowanie_wybór_kuchnia_roku_-150x150.png

https://www.rejs.eu/wp-content/uploads/2019/03/plakat_głosowanie_wybór_kuchnia_roku_-150x150.png

plakat_głosowanie_wybór_kuchnia_roku_-212x300.png

https://www.rejs.eu/wp-content/uploads/2019/03/plakat_głosowanie_wybór_kuchnia_roku_-212x300.png

plakat_głosowanie_wybór_kuchnia_roku_-768x1085.png

https://www.rejs.eu/wp-content/uploads/2019/03/plakat_głosowanie_wybór_kuchnia_roku_-768x1085.png

plakat_głosowanie_wybór_kuchnia_roku_-725x1024.png

https://www.rejs.eu/wp-content/uploads/2019/03/plakat_głosowanie_wybór_kuchnia_roku_-725x1024.png

plakat_głosowanie_wybór_kuchnia_roku_-600x848.png

https://www.rejs.eu/wp-content/uploads/2019/03/plakat_głosowanie_wybór_kuchnia_roku_-600x848.png

plakat_głosowanie_wybór_kuchnia_roku_-298x167.png

https://www.rejs.eu/wp-content/uploads/2019/03/plakat_głosowanie_wybór_kuchnia_roku_-298x167.png

plakat_głosowanie_wybór_kuchnia_roku_-71x100.png

https://www.rejs.eu/wp-content/uploads/2019/03/plakat_głosowanie_wybór_kuchnia_roku_-71x100.png

plakat_głosowanie_wybór_kuchnia_roku_-68x50.png

https://www.rejs.eu/wp-content/uploads/2019/03/plakat_głosowanie_wybór_kuchnia_roku_-68x50.png

plakat_głosowanie_wybór_kuchnia_roku_-299x422.png

https://www.rejs.eu/wp-content/uploads/2019/03/plakat_głosowanie_wybór_kuchnia_roku_-299x422.png

plakat_głosowanie_wybór_kuchnia_roku_-299x167.png

https://www.rejs.eu/wp-content/uploads/2019/03/plakat_głosowanie_wybór_kuchnia_roku_-299x167.png

plakat_głosowanie_wybór_kuchnia_roku_-799x504.png

https://www.rejs.eu/wp-content/uploads/2019/03/plakat_głosowanie_wybór_kuchnia_roku_-799x504.png

plakat_głosowanie_wybór_kuchnia_roku_-229x265.png

https://www.rejs.eu/wp-content/uploads/2019/03/plakat_głosowanie_wybór_kuchnia_roku_-229x265.png

plakat_głosowanie_wybór_kuchnia_roku_-202x285.png

https://www.rejs.eu/wp-content/uploads/2019/03/plakat_głosowanie_wybór_kuchnia_roku_-202x285.png

plakat_głosowanie_wybór_kuchnia_roku_-467x660.png

https://www.rejs.eu/wp-content/uploads/2019/03/plakat_głosowanie_wybór_kuchnia_roku_-467x660.png

plakat_głosowanie_wybór_kuchnia_roku_-640x361.png

https://www.rejs.eu/wp-content/uploads/2019/03/plakat_głosowanie_wybór_kuchnia_roku_-640x361.png

plakat_głosowanie_wybór_kuchnia_roku_.png
