{"id":46765,"date":"2024-11-20T20:28:23","date_gmt":"2024-11-20T19:28:23","guid":{"rendered":"https:\/\/www.rejs.eu\/wp-content\/uploads\/2024\/11\/cargo-mini-boczne-classic.zip"},"modified":"2024-11-20T20:28:23","modified_gmt":"2024-11-20T19:28:23","slug":"cargo-mini-boczne-classic-2-2","status":"inherit","type":"attachment","link":"https:\/\/www.rejs.eu\/en\/cargo-mini-boczne-classic-2-2\/","title":{"rendered":"cargo mini boczne classic"},"author":11,"featured_media":0,"comment_status":"open","ping_status":"closed","template":"","meta":{"_acf_changed":false},"class_list":["post-46765","attachment","type-attachment","status-inherit","hentry"],"acf":[],"yoast_head":"<!-- This site is optimized with the Yoast SEO plugin v25.5 - https:\/\/yoast.com\/wordpress\/plugins\/seo\/ -->\n<title>cargo mini boczne classic - Rejs<\/title>\n<meta name=\"robots\" content=\"index, follow, max-snippet:-1, max-image-preview:large, max-video-preview:-1\" \/>\n<meta property=\"og:locale\" content=\"en_US\" \/>\n<meta property=\"og:type\" content=\"article\" \/>\n<meta property=\"og:title\" content=\"cargo mini boczne classic - Rejs\" \/>\n<meta property=\"og:description\" content=\"cargo mini boczne classic\" \/>\n<meta property=\"og:url\" content=\"https:\/\/www.rejs.eu\/wp-content\/uploads\/2024\/11\/cargo-mini-boczne-classic.zip\" \/>\n<meta property=\"og:site_name\" content=\"Rejs\" \/>\n<meta name=\"twitter:card\" content=\"summary_large_image\" \/>\n<script type=\"application\/ld+json\" class=\"yoast-schema-graph\">{\"@context\":\"https:\/\/schema.org\",\"@graph\":[{\"@type\":\"WebPage\",\"@id\":\"https:\/\/www.rejs.eu\/wp-content\/uploads\/2024\/11\/cargo-mini-boczne-classic.zip\",\"url\":\"https:\/\/www.rejs.eu\/wp-content\/uploads\/2024\/11\/cargo-mini-boczne-classic.zip\",\"name\":\"cargo mini boczne classic - Rejs\",\"isPartOf\":{\"@id\":\"https:\/\/www.rejs.eu\/#website\"},\"datePublished\":\"2024-11-20T19:28:23+00:00\",\"breadcrumb\":{\"@id\":\"https:\/\/www.rejs.eu\/wp-content\/uploads\/2024\/11\/cargo-mini-boczne-classic.zip#breadcrumb\"},\"inLanguage\":\"en-US\",\"potentialAction\":[{\"@type\":\"ReadAction\",\"target\":[\"https:\/\/www.rejs.eu\/wp-content\/uploads\/2024\/11\/cargo-mini-boczne-classic.zip\"]}]},{\"@type\":\"BreadcrumbList\",\"@id\":\"https:\/\/www.rejs.eu\/wp-content\/uploads\/2024\/11\/cargo-mini-boczne-classic.zip#breadcrumb\",\"itemListElement\":[{\"@type\":\"ListItem\",\"position\":1,\"name\":\"Home\",\"item\":\"https:\/\/www.rejs.eu\/en\/\"},{\"@type\":\"ListItem\",\"position\":2,\"name\":\"cargo mini boczne classic\"}]},{\"@type\":\"WebSite\",\"@id\":\"https:\/\/www.rejs.eu\/#website\",\"url\":\"https:\/\/www.rejs.eu\/\",\"name\":\"Rejs\",\"description\":\"Rejs jest jedn\u0105 z wiod\u0105cych firm sektora akcesori\u00f3w meblowych w Europie, wyspecjalizowan\u0105 w produkcji element\u00f3w wyposa\u017cenia z drutu, stali i aluminium do nowoczesnej kuchni i garderoby.\",\"potentialAction\":[{\"@type\":\"SearchAction\",\"target\":{\"@type\":\"EntryPoint\",\"urlTemplate\":\"https:\/\/www.rejs.eu\/?s={search_term_string}\"},\"query-input\":{\"@type\":\"PropertyValueSpecification\",\"valueRequired\":true,\"valueName\":\"search_term_string\"}}],\"inLanguage\":\"en-US\"}]}<\/script>\n<!-- \/ Yoast SEO plugin. -->","yoast_head_json":{"title":"cargo mini boczne classic - Rejs","robots":{"index":"index","follow":"follow","max-snippet":"max-snippet:-1","max-image-preview":"max-image-preview:large","max-video-preview":"max-video-preview:-1"},"og_locale":"en_US","og_type":"article","og_title":"cargo mini boczne classic - Rejs","og_description":"cargo mini boczne classic","og_url":"https:\/\/www.rejs.eu\/wp-content\/uploads\/2024\/11\/cargo-mini-boczne-classic.zip","og_site_name":"Rejs","twitter_card":"summary_large_image","schema":{"@context":"https:\/\/schema.org","@graph":[{"@type":"WebPage","@id":"https:\/\/www.rejs.eu\/wp-content\/uploads\/2024\/11\/cargo-mini-boczne-classic.zip","url":"https:\/\/www.rejs.eu\/wp-content\/uploads\/2024\/11\/cargo-mini-boczne-classic.zip","name":"cargo mini boczne classic - Rejs","isPartOf":{"@id":"https:\/\/www.rejs.eu\/#website"},"datePublished":"2024-11-20T19:28:23+00:00","breadcrumb":{"@id":"https:\/\/www.rejs.eu\/wp-content\/uploads\/2024\/11\/cargo-mini-boczne-classic.zip#breadcrumb"},"inLanguage":"en-US","potentialAction":[{"@type":"ReadAction","target":["https:\/\/www.rejs.eu\/wp-content\/uploads\/2024\/11\/cargo-mini-boczne-classic.zip"]}]},{"@type":"BreadcrumbList","@id":"https:\/\/www.rejs.eu\/wp-content\/uploads\/2024\/11\/cargo-mini-boczne-classic.zip#breadcrumb","itemListElement":[{"@type":"ListItem","position":1,"name":"Home","item":"https:\/\/www.rejs.eu\/en\/"},{"@type":"ListItem","position":2,"name":"cargo mini boczne classic"}]},{"@type":"WebSite","@id":"https:\/\/www.rejs.eu\/#website","url":"https:\/\/www.rejs.eu\/","name":"Rejs","description":"Rejs jest jedn\u0105 z wiod\u0105cych firm sektora akcesori\u00f3w meblowych w Europie, wyspecjalizowan\u0105 w produkcji element\u00f3w wyposa\u017cenia z drutu, stali i aluminium do nowoczesnej kuchni i garderoby.","potentialAction":[{"@type":"SearchAction","target":{"@type":"EntryPoint","urlTemplate":"https:\/\/www.rejs.eu\/?s={search_term_string}"},"query-input":{"@type":"PropertyValueSpecification","valueRequired":true,"valueName":"search_term_string"}}],"inLanguage":"en-US"}]}},"smush":"Not processed","description":{"rendered":"<p class=\"attachment\"><a href='https:\/\/www.rejs.eu\/wp-content\/uploads\/2024\/11\/cargo-mini-boczne-classic.zip'>cargo mini boczne classic<\/a><\/p>\n"},"caption":{"rendered":"<p>cargo mini boczne classic<\/p>\n"},"alt_text":"","media_type":"file","mime_type":"application\/zip","media_details":{"filesize":10657445,"sizes":{}},"post":null,"source_url":"https:\/\/www.rejs.eu\/wp-content\/uploads\/2024\/11\/cargo-mini-boczne-classic.zip","_links":{"self":[{"href":"https:\/\/www.rejs.eu\/en\/wp-json\/wp\/v2\/media\/46765","targetHints":{"allow":["GET"]}}],"collection":[{"href":"https:\/\/www.rejs.eu\/en\/wp-json\/wp\/v2\/media"}],"about":[{"href":"https:\/\/www.rejs.eu\/en\/wp-json\/wp\/v2\/types\/attachment"}],"author":[{"embeddable":true,"href":"https:\/\/www.rejs.eu\/en\/wp-json\/wp\/v2\/users\/11"}],"replies":[{"embeddable":true,"href":"https:\/\/www.rejs.eu\/en\/wp-json\/wp\/v2\/comments?post=46765"}]}}

<!-- This site is optimized with the Yoast SEO plugin v25.5 - https://yoast.com/wordpress/plugins/seo/ -->
<title>cargo mini boczne classic - Rejs</title>
<meta name="robots" content="index, follow, max-snippet:-1, max-image-preview:large, max-video-preview:-1" />
<meta property="og:locale" content="en_US" />
<meta property="og:type" content="article" />
<meta property="og:title" content="cargo mini boczne classic - Rejs" />
<meta property="og:description" content="cargo mini boczne classic" />
<meta property="og:url" content="https://www.rejs.eu/wp-content/uploads/2024/11/cargo-mini-boczne-classic.zip" />
<meta property="og:site_name" content="Rejs" />
<meta name="twitter:card" content="summary_large_image" />
<script type="application/ld+json" class="yoast-schema-graph">{"@context":"https://schema.org","@graph":[{"@type":"WebPage","@id":"https://www.rejs.eu/wp-content/uploads/2024/11/cargo-mini-boczne-classic.zip","url":"https://www.rejs.eu/wp-content/uploads/2024/11/cargo-mini-boczne-classic.zip","name":"cargo mini boczne classic - Rejs","isPartOf":{"@id":"https://www.rejs.eu/#website"},"datePublished":"2024-11-20T19:28:23+00:00","breadcrumb":{"@id":"https://www.rejs.eu/wp-content/uploads/2024/11/cargo-mini-boczne-classic.zip#breadcrumb"},"inLanguage":"en-US","potentialAction":[{"@type":"ReadAction","target":["https://www.rejs.eu/wp-content/uploads/2024/11/cargo-mini-boczne-classic.zip"]}]},{"@type":"BreadcrumbList","@id":"https://www.rejs.eu/wp-content/uploads/2024/11/cargo-mini-boczne-classic.zip#breadcrumb","itemListElement":[{"@type":"ListItem","position":1,"name":"Home","item":"https://www.rejs.eu/en/"},{"@type":"ListItem","position":2,"name":"cargo mini boczne classic"}]},{"@type":"WebSite","@id":"https://www.rejs.eu/#website","url":"https://www.rejs.eu/","name":"Rejs","description":"Rejs jest jedną z wiodących firm sektora akcesoriów meblowych w Europie, wyspecjalizowaną w produkcji elementów wyposażenia z drutu, stali i aluminium do nowoczesnej kuchni i garderoby.","potentialAction":[{"@type":"SearchAction","target":{"@type":"EntryPoint","urlTemplate":"https://www.rejs.eu/?s={search_term_string}"},"query-input":{"@type":"PropertyValueSpecification","valueRequired":true,"valueName":"search_term_string"}}],"inLanguage":"en-US"}]}</script>
<!-- / Yoast SEO plugin. -->

Rejs jest jedną z wiodących firm sektora akcesoriów meblowych w Europie, wyspecjalizowaną w produkcji elementów wyposażenia z drutu, stali i aluminium do nowoczesnej kuchni i garderoby.
